{"id":118,"date":"2016-08-30T16:50:31","date_gmt":"2016-08-30T16:50:31","guid":{"rendered":"http:\/\/wordpress.salvator-schule.de\/?page_id=118"},"modified":"2020-10-12T09:42:16","modified_gmt":"2020-10-12T09:42:16","slug":"kinder-gestalten-mit","status":"publish","type":"page","link":"https:\/\/salvator-schule.de\/?page_id=118","title":{"rendered":"Partizipation"},"content":{"rendered":"\n<h2 class=\"wp-block-heading\">Kinder gestalten mit<\/h2>\n\n\n\n<p>In unserer OGS ist es an der Tagesordnung, dass die Kinder den Alltag mitbestimmen. Im t\u00e4glichen Miteinander entstehen immer wieder Situationen, in denen Kinder zusammen mit den Betreuern entscheiden, wo&#8217;s lang geht. So k\u00f6nnen Kinder Schritt f\u00fcr Schritt lernen, was es bedeutet in einer Demokratie zu leben.<\/p>\n\n\n\n<p><\/p>\n\n\n\n<p>Hier einige Beispiele:<\/p>\n\n\n\n<div class=\"wp-block-group\"><div class=\"wp-block-group__inner-container is-layout-flow wp-block-group-is-layout-flow\">\n<div class=\"wp-block-media-text alignwide is-stacked-on-mobile\" style=\"grid-template-columns:17% auto\"><figure class=\"wp-block-media-text__media\"><img loading=\"lazy\" decoding=\"async\" width=\"1024\" height=\"683\" src=\"https:\/\/salvator-schule.de\/wp-content\/uploads\/2020\/04\/10-Jahre-OGS_0033-1024x683.jpg\" alt=\"\" class=\"wp-image-6389\" srcset=\"https:\/\/salvator-schule.de\/wp-content\/uploads\/2020\/04\/10-Jahre-OGS_0033-1024x683.jpg 1024w, https:\/\/salvator-schule.de\/wp-content\/uploads\/2020\/04\/10-Jahre-OGS_0033-300x200.jpg 300w, https:\/\/salvator-schule.de\/wp-content\/uploads\/2020\/04\/10-Jahre-OGS_0033-768x512.jpg 768w, https:\/\/salvator-schule.de\/wp-content\/uploads\/2020\/04\/10-Jahre-OGS_0033-1536x1024.jpg 1536w, https:\/\/salvator-schule.de\/wp-content\/uploads\/2020\/04\/10-Jahre-OGS_0033-2048x1365.jpg 2048w\" sizes=\"(max-width: 1024px) 100vw, 1024px\" \/><\/figure><div class=\"wp-block-media-text__content\">\n<p>Wie soll der Schulhof aussehen?<\/p>\n<\/div><\/div>\n<\/div><\/div>\n\n\n\n<div class=\"wp-block-group\"><div class=\"wp-block-group__inner-container is-layout-flow wp-block-group-is-layout-flow\">\n<div class=\"wp-block-media-text alignwide is-stacked-on-mobile\" style=\"grid-template-columns:20% auto\"><figure class=\"wp-block-media-text__media\"><img loading=\"lazy\" decoding=\"async\" width=\"1024\" height=\"768\" src=\"https:\/\/salvator-schule.de\/wp-content\/uploads\/2020\/04\/P1000123-1024x768.jpg\" alt=\"\" class=\"wp-image-6390\" srcset=\"https:\/\/salvator-schule.de\/wp-content\/uploads\/2020\/04\/P1000123-1024x768.jpg 1024w, https:\/\/salvator-schule.de\/wp-content\/uploads\/2020\/04\/P1000123-300x225.jpg 300w, https:\/\/salvator-schule.de\/wp-content\/uploads\/2020\/04\/P1000123-768x576.jpg 768w, https:\/\/salvator-schule.de\/wp-content\/uploads\/2020\/04\/P1000123-1536x1152.jpg 1536w, https:\/\/salvator-schule.de\/wp-content\/uploads\/2020\/04\/P1000123-2048x1536.jpg 2048w, https:\/\/salvator-schule.de\/wp-content\/uploads\/2020\/04\/P1000123-400x300.jpg 400w\" sizes=\"(max-width: 1024px) 100vw, 1024px\" \/><\/figure><div class=\"wp-block-media-text__content\">\n<p>Welches Spielzeug finden wir toll und soll angeschafft werden?<\/p>\n<\/div><\/div>\n<\/div><\/div>\n\n\n\n<div class=\"wp-block-media-text alignwide is-stacked-on-mobile\" style=\"grid-template-columns:23% auto\"><figure class=\"wp-block-media-text__media\"><img loading=\"lazy\" decoding=\"async\" width=\"1024\" height=\"768\" src=\"https:\/\/salvator-schule.de\/wp-content\/uploads\/2020\/04\/P1000132-1024x768.jpg\" alt=\"\" class=\"wp-image-6391\" srcset=\"https:\/\/salvator-schule.de\/wp-content\/uploads\/2020\/04\/P1000132-1024x768.jpg 1024w, https:\/\/salvator-schule.de\/wp-content\/uploads\/2020\/04\/P1000132-300x225.jpg 300w, https:\/\/salvator-schule.de\/wp-content\/uploads\/2020\/04\/P1000132-768x576.jpg 768w, https:\/\/salvator-schule.de\/wp-content\/uploads\/2020\/04\/P1000132-1536x1152.jpg 1536w, https:\/\/salvator-schule.de\/wp-content\/uploads\/2020\/04\/P1000132-2048x1536.jpg 2048w, https:\/\/salvator-schule.de\/wp-content\/uploads\/2020\/04\/P1000132-400x300.jpg 400w\" sizes=\"(max-width: 1024px) 100vw, 1024px\" \/><\/figure><div class=\"wp-block-media-text__content\">\n<p>Wie w\u00fcnschen wir uns unseren Schulgarten?<\/p>\n<\/div><\/div>\n\n\n\n<div class=\"wp-block-media-text alignwide is-stacked-on-mobile\" style=\"grid-template-columns:25% auto\"><figure class=\"wp-block-media-text__media\"><img loading=\"lazy\" decoding=\"async\" width=\"1024\" height=\"768\" src=\"https:\/\/salvator-schule.de\/wp-content\/uploads\/2020\/04\/P1000128-1024x768.jpg\" alt=\"\" class=\"wp-image-6392\" srcset=\"https:\/\/salvator-schule.de\/wp-content\/uploads\/2020\/04\/P1000128-1024x768.jpg 1024w, https:\/\/salvator-schule.de\/wp-content\/uploads\/2020\/04\/P1000128-300x225.jpg 300w, https:\/\/salvator-schule.de\/wp-content\/uploads\/2020\/04\/P1000128-768x576.jpg 768w, https:\/\/salvator-schule.de\/wp-content\/uploads\/2020\/04\/P1000128-1536x1152.jpg 1536w, https:\/\/salvator-schule.de\/wp-content\/uploads\/2020\/04\/P1000128-2048x1536.jpg 2048w, https:\/\/salvator-schule.de\/wp-content\/uploads\/2020\/04\/P1000128-400x300.jpg 400w\" sizes=\"(max-width: 1024px) 100vw, 1024px\" \/><\/figure><div class=\"wp-block-media-text__content\">\n<p>Wunschgerichte in den Ferien.<\/p>\n<\/div><\/div>\n\n\n\n<div class=\"wp-block-media-text alignwide is-stacked-on-mobile\" style=\"grid-template-columns:28% auto\"><figure class=\"wp-block-media-text__media\"><img loading=\"lazy\" decoding=\"async\" width=\"1024\" height=\"768\" src=\"https:\/\/salvator-schule.de\/wp-content\/uploads\/2020\/04\/P1000153-1024x768.jpg\" alt=\"\" class=\"wp-image-6393\" srcset=\"https:\/\/salvator-schule.de\/wp-content\/uploads\/2020\/04\/P1000153-1024x768.jpg 1024w, https:\/\/salvator-schule.de\/wp-content\/uploads\/2020\/04\/P1000153-300x225.jpg 300w, https:\/\/salvator-schule.de\/wp-content\/uploads\/2020\/04\/P1000153-768x576.jpg 768w, https:\/\/salvator-schule.de\/wp-content\/uploads\/2020\/04\/P1000153-1536x1152.jpg 1536w, https:\/\/salvator-schule.de\/wp-content\/uploads\/2020\/04\/P1000153-2048x1536.jpg 2048w, https:\/\/salvator-schule.de\/wp-content\/uploads\/2020\/04\/P1000153-400x300.jpg 400w\" sizes=\"(max-width: 1024px) 100vw, 1024px\" \/><\/figure><div class=\"wp-block-media-text__content\">\n<p>In den AGs werden die Anregungen der Kinder umgesetzt.<\/p>\n<\/div><\/div>\n\n\n\n<div class=\"wp-block-media-text alignwide is-stacked-on-mobile\" style=\"grid-template-columns:30% auto\"><figure class=\"wp-block-media-text__media\"><img loading=\"lazy\" decoding=\"async\" width=\"1024\" height=\"768\" src=\"https:\/\/salvator-schule.de\/wp-content\/uploads\/2020\/04\/P1000165-1024x768.jpg\" alt=\"\" class=\"wp-image-6394\" srcset=\"https:\/\/salvator-schule.de\/wp-content\/uploads\/2020\/04\/P1000165-1024x768.jpg 1024w, https:\/\/salvator-schule.de\/wp-content\/uploads\/2020\/04\/P1000165-300x225.jpg 300w, https:\/\/salvator-schule.de\/wp-content\/uploads\/2020\/04\/P1000165-768x576.jpg 768w, https:\/\/salvator-schule.de\/wp-content\/uploads\/2020\/04\/P1000165-1536x1152.jpg 1536w, https:\/\/salvator-schule.de\/wp-content\/uploads\/2020\/04\/P1000165-2048x1536.jpg 2048w, https:\/\/salvator-schule.de\/wp-content\/uploads\/2020\/04\/P1000165-400x300.jpg 400w\" sizes=\"(max-width: 1024px) 100vw, 1024px\" \/><\/figure><div class=\"wp-block-media-text__content\">\n<p>Die Kinder haben Mitspracherecht bei der Gestaltung der Sommerferien und den Zielen der Exkursionen.<\/p>\n<\/div><\/div>\n\n\n\n<div class=\"wp-block-media-text alignwide is-stacked-on-mobile\" style=\"grid-template-columns:33% auto\"><figure class=\"wp-block-media-text__media\"><img loading=\"lazy\" decoding=\"async\" width=\"1024\" height=\"768\" src=\"https:\/\/salvator-schule.de\/wp-content\/uploads\/2020\/04\/P1000171-1024x768.jpg\" alt=\"\" class=\"wp-image-6395\" srcset=\"https:\/\/salvator-schule.de\/wp-content\/uploads\/2020\/04\/P1000171-1024x768.jpg 1024w, https:\/\/salvator-schule.de\/wp-content\/uploads\/2020\/04\/P1000171-300x225.jpg 300w, https:\/\/salvator-schule.de\/wp-content\/uploads\/2020\/04\/P1000171-768x576.jpg 768w, https:\/\/salvator-schule.de\/wp-content\/uploads\/2020\/04\/P1000171-1536x1152.jpg 1536w, https:\/\/salvator-schule.de\/wp-content\/uploads\/2020\/04\/P1000171-2048x1536.jpg 2048w, https:\/\/salvator-schule.de\/wp-content\/uploads\/2020\/04\/P1000171-400x300.jpg 400w\" sizes=\"(max-width: 1024px) 100vw, 1024px\" \/><\/figure><div class=\"wp-block-media-text__content\">\n<p>Das Kinderparlament trifft sich regelm\u00e4ssig. Hier k\u00f6nnen auch Sorgen und W\u00fcnsche mitgeteilt werden. So erfahren Kinder, dass ihre Stimme z\u00e4hlt  und Geh\u00f6r findet.<\/p>\n<\/div><\/div>\n\n\n\n<p><\/p>\n","protected":false},"excerpt":{"rendered":"<p>Kinder gestalten mit In unserer OGS ist es an der Tagesordnung, dass die Kinder den Alltag mitbestimmen. Im t\u00e4glichen Miteinander entstehen immer wieder Situationen, in denen Kinder zusammen mit den Betreuern entscheiden, wo&#8217;s lang geht. So k\u00f6nnen Kinder Schritt f\u00fcr Schritt lernen, was es bedeutet in einer Demokratie zu leben. Hier einige Beispiele: Wie soll [&hellip;]<\/p>\n","protected":false},"author":3,"featured_media":0,"parent":65,"menu_order":5,"comment_status":"closed","ping_status":"closed","template":"","meta":{"_uag_custom_page_level_css":"","footnotes":""},"class_list":["post-118","page","type-page","status-publish","hentry"],"uagb_featured_image_src":{"full":false,"thumbnail":false,"medium":false,"medium_large":false,"large":false,"1536x1536":false,"2048x2048":false,"post-thumbnail":false,"evolve-post-thumbnail":false,"evolve-slider-thumbnail":false,"evolve-tabs-img":false,"evolve-testimonial-avatar":false},"uagb_author_info":{"display_name":"Roesner","author_link":"https:\/\/salvator-schule.de\/?author=3"},"uagb_comment_info":0,"uagb_excerpt":"Kinder gestalten mit In unserer OGS ist es an der Tagesordnung, dass die Kinder den Alltag mitbestimmen. Im t\u00e4glichen Miteinander entstehen immer wieder Situationen, in denen Kinder zusammen mit den Betreuern entscheiden, wo&#8217;s lang geht. So k\u00f6nnen Kinder Schritt f\u00fcr Schritt lernen, was es bedeutet in einer Demokratie zu leben. Hier einige Beispiele: Wie soll&hellip;","_links":{"self":[{"href":"https:\/\/salvator-schule.de\/index.php?rest_route=\/wp\/v2\/pages\/118"}],"collection":[{"href":"https:\/\/salvator-schule.de\/index.php?rest_route=\/wp\/v2\/pages"}],"about":[{"href":"https:\/\/salvator-schule.de\/index.php?rest_route=\/wp\/v2\/types\/page"}],"author":[{"embeddable":true,"href":"https:\/\/salvator-schule.de\/index.php?rest_route=\/wp\/v2\/users\/3"}],"replies":[{"embeddable":true,"href":"https:\/\/salvator-schule.de\/index.php?rest_route=%2Fwp%2Fv2%2Fcomments&post=118"}],"version-history":[{"count":12,"href":"https:\/\/salvator-schule.de\/index.php?rest_route=\/wp\/v2\/pages\/118\/revisions"}],"predecessor-version":[{"id":7282,"href":"https:\/\/salvator-schule.de\/index.php?rest_route=\/wp\/v2\/pages\/118\/revisions\/7282"}],"up":[{"embeddable":true,"href":"https:\/\/salvator-schule.de\/index.php?rest_route=\/wp\/v2\/pages\/65"}],"wp:attachment":[{"href":"https:\/\/salvator-schule.de\/index.php?rest_route=%2Fwp%2Fv2%2Fmedia&parent=118"}],"curies":[{"name":"wp","href":"https:\/\/api.w.org\/{rel}","templated":true}]}}

<h2 class="wp-block-heading">Kinder gestalten mit</h2>



<p>In unserer OGS ist es an der Tagesordnung, dass die Kinder den Alltag mitbestimmen. Im täglichen Miteinander entstehen immer wieder Situationen, in denen Kinder zusammen mit den Betreuern entscheiden, wo&#8217;s lang geht. So können Kinder Schritt für Schritt lernen, was es bedeutet in einer Demokratie zu leben.</p>



<p></p>



<p>Hier einige Beispiele:</p>



<div class="wp-block-group"><div class="wp-block-group__inner-container is-layout-flow wp-block-group-is-layout-flow">
<div class="wp-block-media-text alignwide is-stacked-on-mobile" style="grid-template-columns:17% auto"><figure class="wp-block-media-text__media"><img loading="lazy" decoding="async" width="1024" height="683" src="https://salvator-schule.de/wp-content/uploads/2020/04/10-Jahre-OGS_0033-1024x683.jpg" alt="" class="wp-image-6389" srcset="https://salvator-schule.de/wp-content/uploads/2020/04/10-Jahre-OGS_0033-1024x683.jpg 1024w, https://salvator-schule.de/wp-content/uploads/2020/04/10-Jahre-OGS_0033-300x200.jpg 300w, https://salvator-schule.de/wp-content/uploads/2020/04/10-Jahre-OGS_0033-768x512.jpg 768w, https://salvator-schule.de/wp-content/uploads/2020/04/10-Jahre-OGS_0033-1536x1024.jpg 1536w, https://salvator-schule.de/wp-content/uploads/2020/04/10-Jahre-OGS_0033-2048x1365.jpg 2048w" sizes="(max-width: 1024px) 100vw, 1024px" /></figure><div class="wp-block-media-text__content">
<p>Wie soll der Schulhof aussehen?</p>
</div></div>
</div></div>



<div class="wp-block-group"><div class="wp-block-group__inner-container is-layout-flow wp-block-group-is-layout-flow">
<div class="wp-block-media-text alignwide is-stacked-on-mobile" style="grid-template-columns:20% auto"><figure class="wp-block-media-text__media"><img loading="lazy" decoding="async" width="1024" height="768" src="https://salvator-schule.de/wp-content/uploads/2020/04/P1000123-1024x768.jpg" alt="" class="wp-image-6390" srcset="https://salvator-schule.de/wp-content/uploads/2020/04/P1000123-1024x768.jpg 1024w, https://salvator-schule.de/wp-content/uploads/2020/04/P1000123-300x225.jpg 300w, https://salvator-schule.de/wp-content/uploads/2020/04/P1000123-768x576.jpg 768w, https://salvator-schule.de/wp-content/uploads/2020/04/P1000123-1536x1152.jpg 1536w, https://salvator-schule.de/wp-content/uploads/2020/04/P1000123-2048x1536.jpg 2048w, https://salvator-schule.de/wp-content/uploads/2020/04/P1000123-400x300.jpg 400w" sizes="(max-width: 1024px) 100vw, 1024px" /></figure><div class="wp-block-media-text__content">
<p>Welches Spielzeug finden wir toll und soll angeschafft werden?</p>
</div></div>
</div></div>



<div class="wp-block-media-text alignwide is-stacked-on-mobile" style="grid-template-columns:23% auto"><figure class="wp-block-media-text__media"><img loading="lazy" decoding="async" width="1024" height="768" src="https://salvator-schule.de/wp-content/uploads/2020/04/P1000132-1024x768.jpg" alt="" class="wp-image-6391" srcset="https://salvator-schule.de/wp-content/uploads/2020/04/P1000132-1024x768.jpg 1024w, https://salvator-schule.de/wp-content/uploads/2020/04/P1000132-300x225.jpg 300w, https://salvator-schule.de/wp-content/uploads/2020/04/P1000132-768x576.jpg 768w, https://salvator-schule.de/wp-content/uploads/2020/04/P1000132-1536x1152.jpg 1536w, https://salvator-schule.de/wp-content/uploads/2020/04/P1000132-2048x1536.jpg 2048w, https://salvator-schule.de/wp-content/uploads/2020/04/P1000132-400x300.jpg 400w" sizes="(max-width: 1024px) 100vw, 1024px" /></figure><div class="wp-block-media-text__content">
<p>Wie wünschen wir uns unseren Schulgarten?</p>
</div></div>



<div class="wp-block-media-text alignwide is-stacked-on-mobile" style="grid-template-columns:25% auto"><figure class="wp-block-media-text__media"><img loading="lazy" decoding="async" width="1024" height="768" src="https://salvator-schule.de/wp-content/uploads/2020/04/P1000128-1024x768.jpg" alt="" class="wp-image-6392" srcset="https://salvator-schule.de/wp-content/uploads/2020/04/P1000128-1024x768.jpg 1024w, https://salvator-schule.de/wp-content/uploads/2020/04/P1000128-300x225.jpg 300w, https://salvator-schule.de/wp-content/uploads/2020/04/P1000128-768x576.jpg 768w, https://salvator-schule.de/wp-content/uploads/2020/04/P1000128-1536x1152.jpg 1536w, https://salvator-schule.de/wp-content/uploads/2020/04/P1000128-2048x1536.jpg 2048w, https://salvator-schule.de/wp-content/uploads/2020/04/P1000128-400x300.jpg 400w" sizes="(max-width: 1024px) 100vw, 1024px" /></figure><div class="wp-block-media-text__content">
<p>Wunschgerichte in den Ferien.</p>
</div></div>



<div class="wp-block-media-text alignwide is-stacked-on-mobile" style="grid-template-columns:28% auto"><figure class="wp-block-media-text__media"><img loading="lazy" decoding="async" width="1024" height="768" src="https://salvator-schule.de/wp-content/uploads/2020/04/P1000153-1024x768.jpg" alt="" class="wp-image-6393" srcset="https://salvator-schule.de/wp-content/uploads/2020/04/P1000153-1024x768.jpg 1024w, https://salvator-schule.de/wp-content/uploads/2020/04/P1000153-300x225.jpg 300w, https://salvator-schule.de/wp-content/uploads/2020/04/P1000153-768x576.jpg 768w, https://salvator-schule.de/wp-content/uploads/2020/04/P1000153-1536x1152.jpg 1536w, https://salvator-schule.de/wp-content/uploads/2020/04/P1000153-2048x1536.jpg 2048w, https://salvator-schule.de/wp-content/uploads/2020/04/P1000153-400x300.jpg 400w" sizes="(max-width: 1024px) 100vw, 1024px" /></figure><div class="wp-block-media-text__content">
<p>In den AGs werden die Anregungen der Kinder umgesetzt.</p>
</div></div>



<div class="wp-block-media-text alignwide is-stacked-on-mobile" style="grid-template-columns:30% auto"><figure class="wp-block-media-text__media"><img loading="lazy" decoding="async" width="1024" height="768" src="https://salvator-schule.de/wp-content/uploads/2020/04/P1000165-1024x768.jpg" alt="" class="wp-image-6394" srcset="https://salvator-schule.de/wp-content/uploads/2020/04/P1000165-1024x768.jpg 1024w, https://salvator-schule.de/wp-content/uploads/2020/04/P1000165-300x225.jpg 300w, https://salvator-schule.de/wp-content/uploads/2020/04/P1000165-768x576.jpg 768w, https://salvator-schule.de/wp-content/uploads/2020/04/P1000165-1536x1152.jpg 1536w, https://salvator-schule.de/wp-content/uploads/2020/04/P1000165-2048x1536.jpg 2048w, https://salvator-schule.de/wp-content/uploads/2020/04/P1000165-400x300.jpg 400w" sizes="(max-width: 1024px) 100vw, 1024px" /></figure><div class="wp-block-media-text__content">
<p>Die Kinder haben Mitspracherecht bei der Gestaltung der Sommerferien und den Zielen der Exkursionen.</p>
</div></div>



<div class="wp-block-media-text alignwide is-stacked-on-mobile" style="grid-template-columns:33% auto"><figure class="wp-block-media-text__media"><img loading="lazy" decoding="async" width="1024" height="768" src="https://salvator-schule.de/wp-content/uploads/2020/04/P1000171-1024x768.jpg" alt="" class="wp-image-6395" srcset="https://salvator-schule.de/wp-content/uploads/2020/04/P1000171-1024x768.jpg 1024w, https://salvator-schule.de/wp-content/uploads/2020/04/P1000171-300x225.jpg 300w, https://salvator-schule.de/wp-content/uploads/2020/04/P1000171-768x576.jpg 768w, https://salvator-schule.de/wp-content/uploads/2020/04/P1000171-1536x1152.jpg 1536w, https://salvator-schule.de/wp-content/uploads/2020/04/P1000171-2048x1536.jpg 2048w, https://salvator-schule.de/wp-content/uploads/2020/04/P1000171-400x300.jpg 400w" sizes="(max-width: 1024px) 100vw, 1024px" /></figure><div class="wp-block-media-text__content">
<p>Das Kinderparlament trifft sich regelmässig. Hier können auch Sorgen und Wünsche mitgeteilt werden. So erfahren Kinder, dass ihre Stimme zählt  und Gehör findet.</p>
</div></div>



<p></p>

<p>Kinder gestalten mit In unserer OGS ist es an der Tagesordnung, dass die Kinder den Alltag mitbestimmen. Im täglichen Miteinander entstehen immer wieder Situationen, in denen Kinder zusammen mit den Betreuern entscheiden, wo&#8217;s lang geht. So können Kinder Schritt für Schritt lernen, was es bedeutet in einer Demokratie zu leben. Hier einige Beispiele: Wie soll [&hellip;]</p>

Kinder gestalten mit In unserer OGS ist es an der Tagesordnung, dass die Kinder den Alltag mitbestimmen. Im täglichen Miteinander entstehen immer wieder Situationen, in denen Kinder zusammen mit den Betreuern entscheiden, wo&#8217;s lang geht. So können Kinder Schritt für Schritt lernen, was es bedeutet in einer Demokratie zu leben. Hier einige Beispiele: Wie soll&hellip;
