{"id":202,"date":"2016-08-31T13:39:14","date_gmt":"2016-08-31T13:39:14","guid":{"rendered":"http:\/\/wordpress.salvator-schule.de\/?page_id=202"},"modified":"2023-06-22T11:57:20","modified_gmt":"2023-06-22T11:57:20","slug":"englisch","status":"publish","type":"page","link":"https:\/\/salvator-schule.de\/?page_id=202","title":{"rendered":"Englisch"},"content":{"rendered":"<p>\u00a0<\/p>\n<p><strong>Gr\u00fcnde f\u00fcr den fr\u00fchen Englischunterricht<\/strong><\/p>\n<p>Es gibt verschiedene Gr\u00fcnde f\u00fcr den fr\u00fchen Fremdsprachenunterricht, Englisch beginnt ab der dritten Klasse. Die Lernf\u00e4higkeit und der Wissensdurst von Grundschulkindern sind sehr hoch. Dabei erwerben die Kinder jegliche Art von neuem Wissen wesentlich m\u00fcheloser als Erwachsene \u2013 so auch eine neue Fremdsprache \u2013 wie z.B. Englisch.<\/p>\n<p>Ein weiterer Grund ist, dass die englische Sprache bereits Grundschulkinder umgibt. In der Werbung, bei Spielen, im Supermarkt &#8211; in vielen Situationen des t\u00e4glichen Lebens werden englische W\u00f6rter verwendet. Kinder m\u00f6chten verstehen, was diese Ausdr\u00fccke bedeuten.<\/p>\n<p>Zudem fehlt vielen Kindern die Angst, Fehler zu machen. Ausprobieren und einfach loslegen, bzw. lossprechen \u2013 dies ist beim Erwerb der Fremdsprache sehr hilfreich, denn nur durch das Ausprobieren ohne die Scheu, wom\u00f6glich einen Fehler zu machen, wird der rasche Erwerb einer Fremdsprache erm\u00f6glicht.<\/p>\n<p>Da Kinder das nachmachen, was sie h\u00f6ren, gelingt es Sprachlernenden in dieser Zeit besonders gut, eine authentische Aussprache zu erwerben. Sie sprechen einfach genau nach, was sie h\u00f6ren.<\/p>\n<p>\u00a0<\/p>\n<p><strong>Ziele<\/strong><\/p>\n<p>Folgende Ziele sollen im Englischunterricht der Grundschule erreicht werden:<\/p>\n<ul>\n<li>die Entwicklung von Interesse und Freude am Sprachenlernen und an fremden Lebenswelten<\/li>\n<li>den Erwerb, die Erprobung und die Festigung grundlegender W\u00f6rter<\/li>\n<li>die Bew\u00e4ltigung von einfachen Situationen des t\u00e4glichen Lebens<\/li>\n<li>den Erwerb von Lern- und Arbeitstechniken (Wie lerne ich eine Fremdsprache?)<\/li>\n<\/ul>\n\n\n<p><\/p>\n","protected":false},"excerpt":{"rendered":"<p>\u00a0 Gr\u00fcnde f\u00fcr den fr\u00fchen Englischunterricht Es gibt verschiedene Gr\u00fcnde f\u00fcr den fr\u00fchen Fremdsprachenunterricht, Englisch beginnt ab der dritten Klasse. Die Lernf\u00e4higkeit und der Wissensdurst von Grundschulkindern sind sehr hoch. Dabei erwerben die Kinder jegliche Art von neuem Wissen wesentlich m\u00fcheloser als Erwachsene \u2013 so auch eine neue Fremdsprache \u2013 wie z.B. Englisch. Ein weiterer [&hellip;]<\/p>\n","protected":false},"author":3,"featured_media":0,"parent":180,"menu_order":10,"comment_status":"closed","ping_status":"closed","template":"","meta":{"_uag_custom_page_level_css":"","footnotes":""},"class_list":["post-202","page","type-page","status-publish","hentry"],"uagb_featured_image_src":{"full":false,"thumbnail":false,"medium":false,"medium_large":false,"large":false,"1536x1536":false,"2048x2048":false,"post-thumbnail":false,"evolve-post-thumbnail":false,"evolve-slider-thumbnail":false,"evolve-tabs-img":false,"evolve-testimonial-avatar":false},"uagb_author_info":{"display_name":"Roesner","author_link":"https:\/\/salvator-schule.de\/?author=3"},"uagb_comment_info":0,"uagb_excerpt":"\u00a0 Gr\u00fcnde f\u00fcr den fr\u00fchen Englischunterricht Es gibt verschiedene Gr\u00fcnde f\u00fcr den fr\u00fchen Fremdsprachenunterricht, Englisch beginnt ab der dritten Klasse. Die Lernf\u00e4higkeit und der Wissensdurst von Grundschulkindern sind sehr hoch. Dabei erwerben die Kinder jegliche Art von neuem Wissen wesentlich m\u00fcheloser als Erwachsene \u2013 so auch eine neue Fremdsprache \u2013 wie z.B. Englisch. Ein weiterer&hellip;","_links":{"self":[{"href":"https:\/\/salvator-schule.de\/index.php?rest_route=\/wp\/v2\/pages\/202"}],"collection":[{"href":"https:\/\/salvator-schule.de\/index.php?rest_route=\/wp\/v2\/pages"}],"about":[{"href":"https:\/\/salvator-schule.de\/index.php?rest_route=\/wp\/v2\/types\/page"}],"author":[{"embeddable":true,"href":"https:\/\/salvator-schule.de\/index.php?rest_route=\/wp\/v2\/users\/3"}],"replies":[{"embeddable":true,"href":"https:\/\/salvator-schule.de\/index.php?rest_route=%2Fwp%2Fv2%2Fcomments&post=202"}],"version-history":[{"count":3,"href":"https:\/\/salvator-schule.de\/index.php?rest_route=\/wp\/v2\/pages\/202\/revisions"}],"predecessor-version":[{"id":9064,"href":"https:\/\/salvator-schule.de\/index.php?rest_route=\/wp\/v2\/pages\/202\/revisions\/9064"}],"up":[{"embeddable":true,"href":"https:\/\/salvator-schule.de\/index.php?rest_route=\/wp\/v2\/pages\/180"}],"wp:attachment":[{"href":"https:\/\/salvator-schule.de\/index.php?rest_route=%2Fwp%2Fv2%2Fmedia&parent=202"}],"curies":[{"name":"wp","href":"https:\/\/api.w.org\/{rel}","templated":true}]}}